e factors of h.
2
List the prime factors of (1 - -14)*(-1 - 2 - -14).
3, 5, 11
Suppose 2*s = -8, s - 96 = 4*i - 2*s. Let u = i - -38. What are the prime factors of u?
11
Suppose -3*p = 2*v - 45, 5*v - v - 114 = 2*p. Suppose -123 = -3*m - 2*y + 3*y, m - 5*y = v. List the prime factors of m.
2, 3, 7
Let z = 12 + -17. Let c = z - -13. List the prime factors of c.
2
Suppose 3*n = -5*z + 7, -z - 3*n = -14 + 3. Let b = 7 - z. List the prime factors of b.
2
Let y(n) = n**3 + 9*n**2 - 4*n - 4. What are the prime factors of y(-8)?
2, 23
Let c = 3 + 157. What are the prime factors of c?
2, 5
Let w(g) = g**2 + g. Suppose 2*y + 3*y = 0. Suppose 3*a - 2*a + 2 = y. What are the prime factors of w(a)?
2
Let r(k) = -9*k**3 - 9*k**2 + 2*k - 5. Let l(n) = -5*n**3 - 5*n**2 + n - 3. Let h(m) = -5*l(m) + 3*r(m). What are the prime factors of h(-3)?
3, 11
Suppose 2*n = 3 + 1. Suppose 2*a = n*b - 7*b, 3*a = b - 17. Suppose u + 4*k = -u + 20, b*u + 5*k = 22. What are the prime factors of u?
2, 3
Suppose -35 = -b - 4*b. Let d(g) = g**3 - 7*g**2 + g - 1. Let y be d(b). What are the prime factors of (-2)/y - 44/(-6)?
7
Let v(x) = 3*x - 6. Let n be (4/(-6))/(1/(-6)). What are the prime factors of v(n)?
2, 3
Suppose 5*m = 5*j + 80, 0 = m + 2*j + 3*j + 2. What are the prime factors of m?
13
Suppose -17 = -3*z + 2*z. Suppose 4*v - z = 2*y - 55, 0 = 5*v + 20. List the prime factors of y.
11
Suppose -5*j - 4 = 1. Let i be 16*(3 + (-10)/4). List the prime factors of i + (j - 1 - -1).
7
Suppose 2*g = 11 - 41. Let s = -10 - g. What are the prime factors of s?
5
Let p = -33 - -42. List the prime factors of p.
3
What are the prime factors of (-14)/(-18) + -1 + (-54961)/(-153)?
359
Let l(i) = i**2 + 4*i - 2. Let s be l(-5). What are the prime factors of 3 + (27 - 3)/s?
11
Suppose -9*j = -6*j - 156. What are the prime factors of j?
2, 13
List the prime factors of (12/(-1 + 4))/((-9)/(-477)).
2, 53
Suppose 10*r = 68 + 492. What are the prime factors of r?
2, 7
Suppose -i - 5*m + 2*m = 5, -2*m = -i - 10. Let d(j) = j**3 + 9*j**2 + 7*j - 6. Let x be d(i). Suppose -2*p - x = -14. What are the prime factors of p?
2, 3
Let z be 4*-2*15/12. Let t(c) be the second derivative of -c**3/3 + c**2/2 + c. What are the prime factors of t(z)?
3, 7
Let a = 15 + -16. List the prime factors of 5*((-3)/a)/1.
3, 5
Suppose 5*u + 4*h = 3*u + 814, -4*u = -5*h - 1602. List the prime factors of u.
13, 31
Let o = 83 + 19. What are the prime factors of o?
2, 3, 17
Suppose 0 = 5*d - 0*d + 4*q + 2, -2*q = -4*d + 14. List the prime factors of d.
2
Let n(m) = m**3 + 5*m**2 - 6*m - 3. What are the prime factors of n(-5)?
3
Let n = 7 + -2. Suppose d + 4 = 3*s, 0 = -3*d - n*s - 5 + 35. List the prime factors of d.
5
List the prime factors of (-1 + 13)/((-18)/(-12)).
2
Let o = -4 + 29. List the prime factors of o.
5
Let i be 3/9*3*1. Let g(k) = 2*k**2 - k. Let x be g(i). What are the prime factors of x/2*4 + 1?
3
Suppose 3*n - 3*z - 60 = 0, -2*n + 28 = -4*z - z. What are the prime factors of n?
2, 3
Let d(g) = 4*g**2 - 2*g**3 - 1 + 2 + 4 + g**3. Let h be d(4). Suppose -15 + 0 = -h*i. List the prime factors of i.
3
Let n = -127 - -200. List the prime factors of n.
73
Let y be 3/3*(2 + -2). Suppose y = -2*h + 5 + 1. List the prime factors of h.
3
Suppose 0 = -4*y + 3*n + 6, -3*y - y - 8 = 4*n. Suppose y = -f - f + 8. What are the prime factors of f?
2
Suppose 0 = -2*b + 4*u - 40, 4*u - 39 - 27 = 3*b. Let l = b + 48. List the prime factors of l.
2, 11
Suppose -8*v + 88 = -4*v. What are the prime factors of v?
2, 11
Suppose -8 = -0*x - x. List the prime factors of x.
2
Suppose -7*y = -290 - 1257. List the prime factors of y.
13, 17
Let p(k) = k**3 - 8*k**2 + 6*k - 3. Let u be p(7). Let o = u - -5. Let x = -2 - o. List the prime factors of x.
3
Suppose -2*d + 375 = d - 2*o, 4*d = 3*o + 501. What are the prime factors of d?
3, 41
Let v = 9 + 60. Suppose 4*s + 83 = 3*x, -3*x - 2*s + 2 + v = 0. What are the prime factors of x?
5
Let y = 60 + -32. List the prime factors of y.
2, 7
Suppose 4*i + k + 39 = 2*i, 4*i = -5*k - 75. Let a = -77 - -45. Let r = i - a. What are the prime factors of r?
2, 3
Let v(c) = c**2 + 8*c - 31. List the prime factors of v(-14).
53
Let q = 4 - -11. Let t be 3/6*-2 + q. Let k = -3 + t. List the prime factors of k.
11
Let t = 6 - 3. Suppose -t = -n - 0*n. What are the prime factors of (-8)/(-12)*n*3?
2, 3
Let k = 0 - 10. Let t = k + 28. List the prime factors of t.
2, 3
Let j(k) = -3*k - 11. Let l = -2 + 5. Suppose -l*f = -2*f + 8. What are the prime factors of j(f)?
13
Suppose 0 = 2*j + 4*u + 8, -5*j + 7*u = 4*u - 19. Suppose -3*k + 20 = j*k. Let a = 1 + k. List the prime factors of a.
5
List the prime factors of (5/3 + -1)/(8/1500).
5
Let i be (-1)/(1/50*-2). Suppose u + t - 5 = 0, -2*t = 5*u - 3*t - i. Suppose -u*p + 2*p + 21 = 0. What are the prime factors of p?
7
Let t(d) = d**3 - 4*d**2 + 5*d + 7. List the prime factors of t(5).
3, 19
Let u(l) = 3*l - 3*l - 1 - l + 2*l. List the prime factors of u(7).
2, 3
Suppose 3*k - 10 + 1 = 0. Let h(i) = i**3 - i**2 - 3*i - 2. Let b be h(k). Let y(d) = -d**3 + 6*d**2 + 9*d - 7. What are the prime factors of y(b)?
7
Let w(n) = 2*n + 4. Let k be w(-3). Let j be (-2 - k)/(0 + 1). Let o(a) = a**2 + a + 3. What are the prime factors of o(j)?
3
Suppose -251 = -4*o + 2*s + 269, -o = 3*s - 137. List the prime factors of o.
131
Suppose 111 = -9*a + 12*a. List the prime factors of a.
37
Suppose 0*z = 5*z - 50. List the prime factors of z.
2, 5
Let h = 45 - 5. Let g = -25 + h. List the prime factors of g.
3, 5
Let a be (-246)/22 - 2/(-11). Let g = a + 16. Suppose 0 = -3*d + 3*s + 48, d + 3*s + 68 = g*d. List the prime factors of d.
2, 5
Suppose -4*d - 4 = -5*d + 3*r, -d - 3*r - 8 = 0. List the prime factors of 26*(-1)/d - 0.
13
Let g(b) = b - 1. Let k be g(4). Suppose k*v + 5*j - 27 = v, -v - 4*j = -6. What are the prime factors of v?
2, 13
Let w(r) = -r + 9. Let k be w(4). Let s be ((-3)/k)/((-1)/5). Let c(x) = x + 1. List the prime factors of c(s).
2
Let m = -143 - -313. What are the prime factors of m?
2, 5, 17
Let q(b) = -21*b. What are the prime factors of q(-2)?
2, 3, 7
List the prime factors of ((-10)/(-3))/((-7)/(-42)).
2, 5
Let x(v) = v**3 + 7*v**2 + 7*v + 8. Let u be x(-6). Let a(o) = 0*o + 7 - 3*o + u*o. List the prime factors of a(4).
3
Let w = 11 + -6. Suppose -w*g - 23 + 88 = 0. What are the prime factors of g?
13
Let l(q) = q - 2. Let i be l(0). What are the prime factors of 2/1 - i/2?
3
Let j(k) = -k**3 - 5*k**2 - 6*k - 3. Suppose 2*z + 2*z - 20 = 0. Suppose 0 = z*o + 19 + 1. What are the prime factors of j(o)?
5
Suppose -3*f + 7 = -5. Suppose 4*z - t - 69 = 0, 0*t + f*t = -5*z + 60. What are the prime factors of z?
2
Let b(y) = 3*y**2 - y - 32. What are the prime factors of b(-5)?
2, 3
Let p(x) = -4*x + x**3 + 6*x**2 + x**2 + 4*x + 5*x - 1. What are the prime factors of p(-6)?
5
Let h(o) = -2*o + 1. Let v be 2/5 + (-36)/15. Let y be h(v). Suppose 6 = -2*r + y*r. What are the prime factors of r?
2
Let j(n) be the third derivative of n**4/24 - n**3/3 - n**2. Let p be j(7). Let o = p - -5. What are the prime factors of o?
2, 5
Let j = -13 - 6. Let c = 28 + j. What are the prime factors of c?
3
Let v = 34 + -30. List the prime factors of v.
2
Suppose 4*p - 4*f = -152, 3*p + 4*f + 14 = -86. What are the prime factors of 2/(-9) - 368/p?
2, 5
Suppose -60 - 18 = -a. Suppose -r = 0, q = -4*r + 3 + 2. Suppose -5*h + 0*s + 2*s = -a, -5*s + 50 = q*h. List the prime factors of h.
2, 7
Suppose 12 = 2*k - 14. List the prime factors of k.
13
Let g = 43 - 25. Suppose p + 10 = 2*p - 3*a, 0 = -3*p + 3*a + g. Suppose -p*c + 3 = -5. List the prime factors of c.
2
Suppose 7*a - 2*a - 10 = 0. Let d = 12 - 5. Suppose -d = -a*n + 7. List the prime factors of n.
7
Suppose a = 5*a + 5*c - 64, -5*a + c = -109. List the prime factors of a.
3, 7
Let m(x) be the third derivative of -x**6/120 + x**5/12 - x**4/24 - x**3/6 - x**2. Let o be m(4). List the prime factors of 1/(2 + -3) + o.
2, 5
Let g(d) = d - 1. Let h be g(1). Suppose l + h*l = 12. List the prime factors of l.
2, 3
Let b = 83 - 56. List the prime factors of b/4*28/7.
3
Let q(h) = -h**3 - 7*h**2 - 14*h + 19. What are the prime factors of q(-8)?
3, 5, 13
Let z be 67/4 + (-1)/(-4). Let i = 9 - z. List the prime factors